{"id":5167,"date":"2016-05-20T07:54:48","date_gmt":"2016-05-20T07:54:48","guid":{"rendered":"http:\/\/esportisalut.com\/ca\/actividades-campus\/"},"modified":"2026-04-28T08:31:47","modified_gmt":"2026-04-28T08:31:47","slug":"activitats-campus","status":"publish","type":"page","link":"https:\/\/esportisalut.com\/ca\/activitats-campus\/","title":{"rendered":"Casals Esportius D\u00b4Estiu 2026"},"content":{"rendered":"<p>[vc_row gap=&#8221;15&#8243; css=&#8221;.vc_custom_1463563182943{background-color: #ffffff !important;}&#8221;][vc_column width=&#8221;3\/4&#8243; css=&#8221;.vc_custom_1463560633453{background-color: #ffffff !important;}&#8221;][vc_images_carousel images=&#8221;5120,6124,6123,6253,6183&#8243; img_size=&#8221;full&#8221; autoplay=&#8221;yes&#8221;]<a href=\"https:\/\/esportisalut.com\/wp-content\/uploads\/2026\/04\/CARTEL-CASAL-MULTIESPORTIU-26.jpg\"><img decoding=\"async\" loading=\"lazy\" class=\"wp-image-6871 aligncenter\" src=\"https:\/\/esportisalut.com\/wp-content\/uploads\/2026\/04\/CARTEL-CASAL-MULTIESPORTIU-26.jpg\" alt=\"\" width=\"598\" height=\"845\" srcset=\"https:\/\/esportisalut.com\/wp-content\/uploads\/2026\/04\/CARTEL-CASAL-MULTIESPORTIU-26.jpg 1241w, https:\/\/esportisalut.com\/wp-content\/uploads\/2026\/04\/CARTEL-CASAL-MULTIESPORTIU-26-212x300.jpg 212w, https:\/\/esportisalut.com\/wp-content\/uploads\/2026\/04\/CARTEL-CASAL-MULTIESPORTIU-26-724x1024.jpg 724w, https:\/\/esportisalut.com\/wp-content\/uploads\/2026\/04\/CARTEL-CASAL-MULTIESPORTIU-26-768x1086.jpg 768w, https:\/\/esportisalut.com\/wp-content\/uploads\/2026\/04\/CARTEL-CASAL-MULTIESPORTIU-26-1086x1536.jpg 1086w\" sizes=\"(max-width: 598px) 100vw, 598px\" \/><\/a>[vc_column_text]<strong><span style=\"color: #0000ff;\">L&#8217;Associaci\u00f3 Esport i Salut Santa Coloma fa\u00a0 aquest estiu un Casal Multiesportius del 22 de Juny al 31 de Juliol, a les instal.lacions del Poliesportiu Nou i Poliesportiu Juan del Moral.<\/span><\/strong><\/p>\n<p><strong><span style=\"color: #0000ff;\">Casals Multiesportius dirigits a nens de 4 a 16 anys, en el que podran gaudir d&#8217;una oferta variada d&#8217;activitats esportives i l\u00fadiques. Els grups estaran dirigits per monitors especialitzats en l&#8217;\u00e0rea de l&#8217;esport. Les activitats tindran un car\u00e0cter l\u00fadic per\u00f2 al mateix temps amb una forta c\u00e0rrega educativa, tenint en compte les caracter\u00edstiques dels nens.<\/span><\/strong>[\/vc_column_text][vc_single_image image=&#8221;6123&#8243; img_size=&#8221;full&#8221; alignment=&#8221;center&#8221;][vc_column_text]<\/p>\n<h5 style=\"color: #0060a8;\">Programa<\/h5>\n<h5><span style=\"color: #333399;\"><strong>Activitats f\u00edsiques, jocs recreatius:<\/strong><\/span><br \/>\n<span style=\"color: #333399;\"><strong>( Indiakes , freesbes , pilotes gegants, paraca , etc.) i jocs tradicionals.<\/strong><\/span><br \/>\n<span style=\"color: #333399;\"><strong>&#8211; Jocs Pre- esportius i esportius<\/strong><\/span><br \/>\n<span style=\"color: #333399;\"><strong>( Futbol sala, b\u00e0squet, handbol, b\u00e0dminton, hoquei, tennis,<\/strong><\/span><br \/>\n<span style=\"color: #333399;\"><strong>beisbol , voleibol , etc. )<\/strong><\/span><br \/>\n<span style=\"color: #333399;\"><strong>&#8211; Cada setmana haur\u00e0 un d\u00eda dedicat a fer una excursi\u00f3 i una sortida de la piscina.<\/strong><\/span><br \/>\n<span style=\"color: #333399;\"><strong>&#8211; Gimcana amb jocs esportius i d&#8217;aigua.<\/strong><\/span><\/h5>\n<h5 style=\"color: #0060a8;\"><span style=\"color: #333399;\"><strong>Horari:<\/strong><\/span><\/h5>\n<h5><span style=\"color: #333399;\"><strong>De 9.00 a 13.00 hores de dilluns a divendres<\/strong><\/span><\/h5>\n<h5 style=\"color: #0060a8;\">Preus:<\/h5>\n<h5><strong><span style=\"color: #0000ff;\">Campus 6 setmanes \u00a0380 \u20ac<\/span><\/strong><br \/>\n<strong><span style=\"color: #0000ff;\">Campus 5 setmanes\u00a0 340 \u20ac<\/span><\/strong><br \/>\n<strong><span style=\"color: #0000ff;\">Campus 4 setmanes\u00a0 300 \u20ac <\/span><\/strong><\/h5>\n<h5><span style=\"color: #0000ff;\"><strong>Campus 3 setmanes 250 \u20ac<\/strong><\/span><br \/>\n<strong><span style=\"color: #0000ff;\">Quinzenes 160 \u20ac<\/span><\/strong><br \/>\n<strong><span style=\"color: #0000ff;\">1 Setmana 90 \u20ac<\/span><\/strong><\/h5>\n<h5><span style=\"color: #000000;\">Descomptes 10 % en els germans<\/span><\/h5>\n<p>[\/vc_column_text][\/vc_column][vc_column width=&#8221;1\/4&#8243;][vc_column_text]<\/p>\n<h4 style=\"text-align: center;\">HORARI<\/h4>\n<hr \/>\n<h5 style=\"text-align: center;\">De Dilluns a Divendres<br \/>\nde 9h a 13h<\/h5>\n<hr \/>\n<h5 style=\"text-align: center;\">Inscripci\u00f3<\/h5>\n<h4 style=\"text-align: center;\">Des del 4 de Maig<br \/>\nPlaces limitades<\/h4>\n<ul>\n<li><a href=\"https:\/\/esportisalut.playoffinformatica.com\/actividad\/7\/CASAL-MULTIESPORTIU-2026-POLIESPORTIU-NOU\/\"><strong>Fitxa\u00a0 Inscripci\u00f3 Casal Multiesportiu 2026 Polideportivo Nuevo<\/strong><\/a><\/li>\n<li><a href=\"https:\/\/esportisalut.playoffinformatica.com\/actividad\/8\/CASAL-MULTIESPORTIU-2026-JUAN-DEL-MORAL\/\"><strong><span style=\"color: #ff0000;\">Fitxa\u00a0 Inscripci\u00f3 Casal Multiesportiu 2026 Juan del Moral<\/span><\/strong><\/a><\/li>\n<li><span style=\"color: #ff9900;\"><strong>Documentaci\u00f3:\u00a0<\/strong><\/span><strong>Fotoc\u00f2pia DNI, Targeta Sanit\u00e0ria i carnet vacunes<\/strong><\/li>\n<\/ul>\n","protected":false},"excerpt":{"rendered":"<p>[vc_row gap=&#8221;15&#8243; css=&#8221;.vc_custom_1463563182943{background-color: #ffffff !important;}&#8221;][vc_column width=&#8221;3\/4&#8243; css=&#8221;.vc_custom_1463560633453{background-color: #ffffff !important;}&#8221;][vc_images_carousel images=&#8221;5120,6124,6123,6253,6183&#8243; img_size=&#8221;full&#8221; autoplay=&#8221;yes&#8221;][vc_column_text]L&#8217;Associaci\u00f3 Esport i Salut Santa Coloma fa\u00a0 aquest estiu un Casal Multiesportius del 22 de Juny al 31 de Juliol, a les instal.lacions del Poliesportiu Nou i Poliesportiu Juan del Moral. Casals Multiesportius dirigits a nens de 4 a [&hellip;]<\/p>\n","protected":false},"author":1,"featured_media":0,"parent":0,"menu_order":0,"comment_status":"closed","ping_status":"closed","template":"","meta":[],"yoast_head":"<!-- This site is optimized with the Yoast SEO plugin v20.6 - https:\/\/yoast.com\/wordpress\/plugins\/seo\/ -->\n<title>Casals Esportius D\u00b4Estiu 2026 - Esport i Salut | Santa Coloma de Gramenet<\/title>\n<meta name=\"robots\" content=\"index, follow, max-snippet:-1, max-image-preview:large, max-video-preview:-1\" \/>\n<link rel=\"canonical\" href=\"https:\/\/esportisalut.com\/ca\/activitats-campus\/\" \/>\n<meta property=\"og:locale\" content=\"ca_ES\" \/>\n<meta property=\"og:type\" content=\"article\" \/>\n<meta property=\"og:title\" content=\"Casals Esportius D\u00b4Estiu 2026 - Esport i Salut | Santa Coloma de Gramenet\" \/>\n<meta property=\"og:description\" content=\"[vc_row gap=&#8221;15&#8243; css=&#8221;.vc_custom_1463563182943{background-color: #ffffff !important;}&#8221;][vc_column width=&#8221;3\/4&#8243; css=&#8221;.vc_custom_1463560633453{background-color: #ffffff !important;}&#8221;][vc_images_carousel images=&#8221;5120,6124,6123,6253,6183&#8243; img_size=&#8221;full&#8221; autoplay=&#8221;yes&#8221;][vc_column_text]L&#8217;Associaci\u00f3 Esport i Salut Santa Coloma fa\u00a0 aquest estiu un Casal Multiesportius del 22 de Juny al 31 de Juliol, a les instal.lacions del Poliesportiu Nou i Poliesportiu Juan del Moral. Casals Multiesportius dirigits a nens de 4 a [&hellip;]\" \/>\n<meta property=\"og:url\" content=\"https:\/\/esportisalut.com\/ca\/activitats-campus\/\" \/>\n<meta property=\"og:site_name\" content=\"Esport i Salut | Santa Coloma de Gramenet\" \/>\n<meta property=\"article:modified_time\" content=\"2026-04-28T08:31:47+00:00\" \/>\n<meta property=\"og:image\" content=\"https:\/\/esportisalut.com\/wp-content\/uploads\/2026\/04\/CARTEL-CASAL-MULTIESPORTIU-26.jpg\" \/>\n<meta name=\"twitter:card\" content=\"summary_large_image\" \/>\n<meta name=\"twitter:label1\" content=\"Est. reading time\" \/>\n\t<meta name=\"twitter:data1\" content=\"2 minutes\" \/>\n<script type=\"application\/ld+json\" class=\"yoast-schema-graph\">{\"@context\":\"https:\/\/schema.org\",\"@graph\":[{\"@type\":\"WebPage\",\"@id\":\"https:\/\/esportisalut.com\/ca\/activitats-campus\/\",\"url\":\"https:\/\/esportisalut.com\/ca\/activitats-campus\/\",\"name\":\"Casals Esportius D\u00b4Estiu 2026 - Esport i Salut | Santa Coloma de Gramenet\",\"isPartOf\":{\"@id\":\"https:\/\/esportisalut.com\/#website\"},\"datePublished\":\"2016-05-20T07:54:48+00:00\",\"dateModified\":\"2026-04-28T08:31:47+00:00\",\"breadcrumb\":{\"@id\":\"https:\/\/esportisalut.com\/ca\/activitats-campus\/#breadcrumb\"},\"inLanguage\":\"ca\",\"potentialAction\":[{\"@type\":\"ReadAction\",\"target\":[\"https:\/\/esportisalut.com\/ca\/activitats-campus\/\"]}]},{\"@type\":\"BreadcrumbList\",\"@id\":\"https:\/\/esportisalut.com\/ca\/activitats-campus\/#breadcrumb\",\"itemListElement\":[{\"@type\":\"ListItem\",\"position\":1,\"name\":\"Portada\",\"item\":\"https:\/\/esportisalut.com\/ca\/\"},{\"@type\":\"ListItem\",\"position\":2,\"name\":\"Casals Esportius D\u00b4Estiu 2026\"}]},{\"@type\":\"WebSite\",\"@id\":\"https:\/\/esportisalut.com\/#website\",\"url\":\"https:\/\/esportisalut.com\/\",\"name\":\"Esport i Salut | Santa Coloma de Gramenet\",\"description\":\"Esport per a tothom, la nostra filosofia \u00e9s la base de la nostra entitat.\",\"potentialAction\":[{\"@type\":\"SearchAction\",\"target\":{\"@type\":\"EntryPoint\",\"urlTemplate\":\"https:\/\/esportisalut.com\/?s={search_term_string}\"},\"query-input\":\"required name=search_term_string\"}],\"inLanguage\":\"ca\"}]}<\/script>\n<!-- \/ Yoast SEO plugin. -->","yoast_head_json":{"title":"Casals Esportius D\u00b4Estiu 2026 - Esport i Salut | Santa Coloma de Gramenet","robots":{"index":"index","follow":"follow","max-snippet":"max-snippet:-1","max-image-preview":"max-image-preview:large","max-video-preview":"max-video-preview:-1"},"canonical":"https:\/\/esportisalut.com\/ca\/activitats-campus\/","og_locale":"ca_ES","og_type":"article","og_title":"Casals Esportius D\u00b4Estiu 2026 - Esport i Salut | Santa Coloma de Gramenet","og_description":"[vc_row gap=&#8221;15&#8243; css=&#8221;.vc_custom_1463563182943{background-color: #ffffff !important;}&#8221;][vc_column width=&#8221;3\/4&#8243; css=&#8221;.vc_custom_1463560633453{background-color: #ffffff !important;}&#8221;][vc_images_carousel images=&#8221;5120,6124,6123,6253,6183&#8243; img_size=&#8221;full&#8221; autoplay=&#8221;yes&#8221;][vc_column_text]L&#8217;Associaci\u00f3 Esport i Salut Santa Coloma fa\u00a0 aquest estiu un Casal Multiesportius del 22 de Juny al 31 de Juliol, a les instal.lacions del Poliesportiu Nou i Poliesportiu Juan del Moral. Casals Multiesportius dirigits a nens de 4 a [&hellip;]","og_url":"https:\/\/esportisalut.com\/ca\/activitats-campus\/","og_site_name":"Esport i Salut | Santa Coloma de Gramenet","article_modified_time":"2026-04-28T08:31:47+00:00","og_image":[{"url":"https:\/\/esportisalut.com\/wp-content\/uploads\/2026\/04\/CARTEL-CASAL-MULTIESPORTIU-26.jpg"}],"twitter_card":"summary_large_image","twitter_misc":{"Est. reading time":"2 minutes"},"schema":{"@context":"https:\/\/schema.org","@graph":[{"@type":"WebPage","@id":"https:\/\/esportisalut.com\/ca\/activitats-campus\/","url":"https:\/\/esportisalut.com\/ca\/activitats-campus\/","name":"Casals Esportius D\u00b4Estiu 2026 - Esport i Salut | Santa Coloma de Gramenet","isPartOf":{"@id":"https:\/\/esportisalut.com\/#website"},"datePublished":"2016-05-20T07:54:48+00:00","dateModified":"2026-04-28T08:31:47+00:00","breadcrumb":{"@id":"https:\/\/esportisalut.com\/ca\/activitats-campus\/#breadcrumb"},"inLanguage":"ca","potentialAction":[{"@type":"ReadAction","target":["https:\/\/esportisalut.com\/ca\/activitats-campus\/"]}]},{"@type":"BreadcrumbList","@id":"https:\/\/esportisalut.com\/ca\/activitats-campus\/#breadcrumb","itemListElement":[{"@type":"ListItem","position":1,"name":"Portada","item":"https:\/\/esportisalut.com\/ca\/"},{"@type":"ListItem","position":2,"name":"Casals Esportius D\u00b4Estiu 2026"}]},{"@type":"WebSite","@id":"https:\/\/esportisalut.com\/#website","url":"https:\/\/esportisalut.com\/","name":"Esport i Salut | Santa Coloma de Gramenet","description":"Esport per a tothom, la nostra filosofia \u00e9s la base de la nostra entitat.","potentialAction":[{"@type":"SearchAction","target":{"@type":"EntryPoint","urlTemplate":"https:\/\/esportisalut.com\/?s={search_term_string}"},"query-input":"required name=search_term_string"}],"inLanguage":"ca"}]}},"_links":{"self":[{"href":"https:\/\/esportisalut.com\/ca\/wp-json\/wp\/v2\/pages\/5167"}],"collection":[{"href":"https:\/\/esportisalut.com\/ca\/wp-json\/wp\/v2\/pages"}],"about":[{"href":"https:\/\/esportisalut.com\/ca\/wp-json\/wp\/v2\/types\/page"}],"author":[{"embeddable":true,"href":"https:\/\/esportisalut.com\/ca\/wp-json\/wp\/v2\/users\/1"}],"replies":[{"embeddable":true,"href":"https:\/\/esportisalut.com\/ca\/wp-json\/wp\/v2\/comments?post=5167"}],"version-history":[{"count":42,"href":"https:\/\/esportisalut.com\/ca\/wp-json\/wp\/v2\/pages\/5167\/revisions"}],"predecessor-version":[{"id":6881,"href":"https:\/\/esportisalut.com\/ca\/wp-json\/wp\/v2\/pages\/5167\/revisions\/6881"}],"wp:attachment":[{"href":"https:\/\/esportisalut.com\/ca\/wp-json\/wp\/v2\/media?parent=5167"}],"curies":[{"name":"wp","href":"https:\/\/api.w.org\/{rel}","templated":true}]}}

<p>[vc_row gap=&#8221;15&#8243; css=&#8221;.vc_custom_1463563182943{background-color: #ffffff !important;}&#8221;][vc_column width=&#8221;3/4&#8243; css=&#8221;.vc_custom_1463560633453{background-color: #ffffff !important;}&#8221;][vc_images_carousel images=&#8221;5120,6124,6123,6253,6183&#8243; img_size=&#8221;full&#8221; autoplay=&#8221;yes&#8221;]<a href="https://esportisalut.com/wp-content/uploads/2026/04/CARTEL-CASAL-MULTIESPORTIU-26.jpg"><img decoding="async" loading="lazy" class="wp-image-6871 aligncenter" src="https://esportisalut.com/wp-content/uploads/2026/04/CARTEL-CASAL-MULTIESPORTIU-26.jpg" alt="" width="598" height="845" srcset="https://esportisalut.com/wp-content/uploads/2026/04/CARTEL-CASAL-MULTIESPORTIU-26.jpg 1241w, https://esportisalut.com/wp-content/uploads/2026/04/CARTEL-CASAL-MULTIESPORTIU-26-212x300.jpg 212w, https://esportisalut.com/wp-content/uploads/2026/04/CARTEL-CASAL-MULTIESPORTIU-26-724x1024.jpg 724w, https://esportisalut.com/wp-content/uploads/2026/04/CARTEL-CASAL-MULTIESPORTIU-26-768x1086.jpg 768w, https://esportisalut.com/wp-content/uploads/2026/04/CARTEL-CASAL-MULTIESPORTIU-26-1086x1536.jpg 1086w" sizes="(max-width: 598px) 100vw, 598px" /></a>[vc_column_text]<strong><span style="color: #0000ff;">L&#8217;Associació Esport i Salut Santa Coloma fa  aquest estiu un Casal Multiesportius del 22 de Juny al 31 de Juliol, a les instal.lacions del Poliesportiu Nou i Poliesportiu Juan del Moral.</span></strong></p>
<p><strong><span style="color: #0000ff;">Casals Multiesportius dirigits a nens de 4 a 16 anys, en el que podran gaudir d&#8217;una oferta variada d&#8217;activitats esportives i lúdiques. Els grups estaran dirigits per monitors especialitzats en l&#8217;àrea de l&#8217;esport. Les activitats tindran un caràcter lúdic però al mateix temps amb una forta càrrega educativa, tenint en compte les característiques dels nens.</span></strong>[/vc_column_text][vc_single_image image=&#8221;6123&#8243; img_size=&#8221;full&#8221; alignment=&#8221;center&#8221;][vc_column_text]</p>
<h5 style="color: #0060a8;">Programa</h5>
<h5><span style="color: #333399;"><strong>Activitats físiques, jocs recreatius:</strong></span><br />
<span style="color: #333399;"><strong>( Indiakes , freesbes , pilotes gegants, paraca , etc.) i jocs tradicionals.</strong></span><br />
<span style="color: #333399;"><strong>&#8211; Jocs Pre- esportius i esportius</strong></span><br />
<span style="color: #333399;"><strong>( Futbol sala, bàsquet, handbol, bàdminton, hoquei, tennis,</strong></span><br />
<span style="color: #333399;"><strong>beisbol , voleibol , etc. )</strong></span><br />
<span style="color: #333399;"><strong>&#8211; Cada setmana haurà un día dedicat a fer una excursió i una sortida de la piscina.</strong></span><br />
<span style="color: #333399;"><strong>&#8211; Gimcana amb jocs esportius i d&#8217;aigua.</strong></span></h5>
<h5 style="color: #0060a8;"><span style="color: #333399;"><strong>Horari:</strong></span></h5>
<h5><span style="color: #333399;"><strong>De 9.00 a 13.00 hores de dilluns a divendres</strong></span></h5>
<h5 style="color: #0060a8;">Preus:</h5>
<h5><strong><span style="color: #0000ff;">Campus 6 setmanes  380 €</span></strong><br />
<strong><span style="color: #0000ff;">Campus 5 setmanes  340 €</span></strong><br />
<strong><span style="color: #0000ff;">Campus 4 setmanes  300 € </span></strong></h5>
<h5><span style="color: #0000ff;"><strong>Campus 3 setmanes 250 €</strong></span><br />
<strong><span style="color: #0000ff;">Quinzenes 160 €</span></strong><br />
<strong><span style="color: #0000ff;">1 Setmana 90 €</span></strong></h5>
<h5><span style="color: #000000;">Descomptes 10 % en els germans</span></h5>
<p>[/vc_column_text][/vc_column][vc_column width=&#8221;1/4&#8243;][vc_column_text]</p>
<h4 style="text-align: center;">HORARI</h4>
<hr />
<h5 style="text-align: center;">De Dilluns a Divendres<br />
de 9h a 13h</h5>
<hr />
<h5 style="text-align: center;">Inscripció</h5>
<h4 style="text-align: center;">Des del 4 de Maig<br />
Places limitades</h4>
<ul>
<li><a href="https://esportisalut.playoffinformatica.com/actividad/7/CASAL-MULTIESPORTIU-2026-POLIESPORTIU-NOU/"><strong>Fitxa  Inscripció Casal Multiesportiu 2026 Polideportivo Nuevo</strong></a></li>
<li><a href="https://esportisalut.playoffinformatica.com/actividad/8/CASAL-MULTIESPORTIU-2026-JUAN-DEL-MORAL/"><strong><span style="color: #ff0000;">Fitxa  Inscripció Casal Multiesportiu 2026 Juan del Moral</span></strong></a></li>
<li><span style="color: #ff9900;"><strong>Documentació: </strong></span><strong>Fotocòpia DNI, Targeta Sanitària i carnet vacunes</strong></li>
</ul>

<p>[vc_row gap=&#8221;15&#8243; css=&#8221;.vc_custom_1463563182943{background-color: #ffffff !important;}&#8221;][vc_column width=&#8221;3/4&#8243; css=&#8221;.vc_custom_1463560633453{background-color: #ffffff !important;}&#8221;][vc_images_carousel images=&#8221;5120,6124,6123,6253,6183&#8243; img_size=&#8221;full&#8221; autoplay=&#8221;yes&#8221;][vc_column_text]L&#8217;Associació Esport i Salut Santa Coloma fa  aquest estiu un Casal Multiesportius del 22 de Juny al 31 de Juliol, a les instal.lacions del Poliesportiu Nou i Poliesportiu Juan del Moral. Casals Multiesportius dirigits a nens de 4 a [&hellip;]</p>

<!-- This site is optimized with the Yoast SEO plugin v20.6 - https://yoast.com/wordpress/plugins/seo/ -->
<title>Casals Esportius D´Estiu 2026 - Esport i Salut | Santa Coloma de Gramenet</title>
<meta name="robots" content="index, follow, max-snippet:-1, max-image-preview:large, max-video-preview:-1" />
<link rel="canonical" href="https://esportisalut.com/ca/activitats-campus/" />
<meta property="og:locale" content="ca_ES" />
<meta property="og:type" content="article" />
<meta property="og:title" content="Casals Esportius D´Estiu 2026 - Esport i Salut | Santa Coloma de Gramenet" />
<meta property="og:description" content="[vc_row gap=&#8221;15&#8243; css=&#8221;.vc_custom_1463563182943{background-color: #ffffff !important;}&#8221;][vc_column width=&#8221;3/4&#8243; css=&#8221;.vc_custom_1463560633453{background-color: #ffffff !important;}&#8221;][vc_images_carousel images=&#8221;5120,6124,6123,6253,6183&#8243; img_size=&#8221;full&#8221; autoplay=&#8221;yes&#8221;][vc_column_text]L&#8217;Associació Esport i Salut Santa Coloma fa  aquest estiu un Casal Multiesportius del 22 de Juny al 31 de Juliol, a les instal.lacions del Poliesportiu Nou i Poliesportiu Juan del Moral. Casals Multiesportius dirigits a nens de 4 a [&hellip;]" />
<meta property="og:url" content="https://esportisalut.com/ca/activitats-campus/" />
<meta property="og:site_name" content="Esport i Salut | Santa Coloma de Gramenet" />
<meta property="article:modified_time" content="2026-04-28T08:31:47+00:00" />
<meta property="og:image" content="https://esportisalut.com/wp-content/uploads/2026/04/CARTEL-CASAL-MULTIESPORTIU-26.jpg" />
<meta name="twitter:card" content="summary_large_image" />
<meta name="twitter:label1" content="Est. reading time" />
	<meta name="twitter:data1" content="2 minutes" />
<script type="application/ld+json" class="yoast-schema-graph">{"@context":"https://schema.org","@graph":[{"@type":"WebPage","@id":"https://esportisalut.com/ca/activitats-campus/","url":"https://esportisalut.com/ca/activitats-campus/","name":"Casals Esportius D´Estiu 2026 - Esport i Salut | Santa Coloma de Gramenet","isPartOf":{"@id":"https://esportisalut.com/#website"},"datePublished":"2016-05-20T07:54:48+00:00","dateModified":"2026-04-28T08:31:47+00:00","breadcrumb":{"@id":"https://esportisalut.com/ca/activitats-campus/#breadcrumb"},"inLanguage":"ca","potentialAction":[{"@type":"ReadAction","target":["https://esportisalut.com/ca/activitats-campus/"]}]},{"@type":"BreadcrumbList","@id":"https://esportisalut.com/ca/activitats-campus/#breadcrumb","itemListElement":[{"@type":"ListItem","position":1,"name":"Portada","item":"https://esportisalut.com/ca/"},{"@type":"ListItem","position":2,"name":"Casals Esportius D´Estiu 2026"}]},{"@type":"WebSite","@id":"https://esportisalut.com/#website","url":"https://esportisalut.com/","name":"Esport i Salut | Santa Coloma de Gramenet","description":"Esport per a tothom, la nostra filosofia és la base de la nostra entitat.","potentialAction":[{"@type":"SearchAction","target":{"@type":"EntryPoint","urlTemplate":"https://esportisalut.com/?s={search_term_string}"},"query-input":"required name=search_term_string"}],"inLanguage":"ca"}]}</script>
<!-- / Yoast SEO plugin. -->

[vc_row gap=&#8221;15&#8243; css=&#8221;.vc_custom_1463563182943{background-color: #ffffff !important;}&#8221;][vc_column width=&#8221;3/4&#8243; css=&#8221;.vc_custom_1463560633453{background-color: #ffffff !important;}&#8221;][vc_images_carousel images=&#8221;5120,6124,6123,6253,6183&#8243; img_size=&#8221;full&#8221; autoplay=&#8221;yes&#8221;][vc_column_text]L&#8217;Associació Esport i Salut Santa Coloma fa  aquest estiu un Casal Multiesportius del 22 de Juny al 31 de Juliol, a les instal.lacions del Poliesportiu Nou i Poliesportiu Juan del Moral. Casals Multiesportius dirigits a nens de 4 a [&hellip;]

Esport per a tothom, la nostra filosofia és la base de la nostra entitat.
